{"version":"1.0","provider_name":"Mota-Engil ATIV","provider_url":"https:\/\/www.ativ.pt\/fr\/","author_name":"superedcadmin","author_url":"https:\/\/www.ativ.pt\/fr\/author\/superedcadmin\/","title":"Facility Management - Mota-Engil ATIV","type":"rich","width":600,"height":338,"html":"<blockquote class=\"wp-embedded-content\" data-secret=\"PY37jpgXOO\"><a href=\"https:\/\/www.ativ.pt\/fr\/domaines-dactivite\/facility-management\/\">Facility Management<\/a><\/blockquote><iframe sandbox=\"allow-scripts\" security=\"restricted\" src=\"https:\/\/www.ativ.pt\/fr\/domaines-dactivite\/facility-management\/embed\/#?secret=PY37jpgXOO\" width=\"600\" height=\"338\" title=\"\u00ab\u00a0Facility Management\u00a0\u00bb &#8212; Mota-Engil ATIV\" data-secret=\"PY37jpgXOO\" frameborder=\"0\" marginwidth=\"0\" marginheight=\"0\" scrolling=\"no\" class=\"wp-embedded-content\"><\/iframe><script type=\"text\/javascript\">\n\/* <![CDATA[ *\/\n\/*! This file is auto-generated *\/\n!function(d,l){\"use strict\";l.querySelector&&d.addEventListener&&\"undefined\"!=typeof URL&&(d.wp=d.wp||{},d.wp.receiveEmbedMessage||(d.wp.receiveEmbedMessage=function(e){var t=e.data;if((t||t.secret||t.message||t.value)&&!\/[^a-zA-Z0-9]\/.test(t.secret)){for(var s,r,n,a=l.querySelectorAll('iframe[data-secret=\"'+t.secret+'\"]'),o=l.querySelectorAll('blockquote[data-secret=\"'+t.secret+'\"]'),c=new RegExp(\"^https?:$\",\"i\"),i=0;i<o.length;i++)o[i].style.display=\"none\";for(i=0;i<a.length;i++)s=a[i],e.source===s.contentWindow&&(s.removeAttribute(\"style\"),\"height\"===t.message?(1e3<(r=parseInt(t.value,10))?r=1e3:~~r<200&&(r=200),s.height=r):\"link\"===t.message&&(r=new URL(s.getAttribute(\"src\")),n=new URL(t.value),c.test(n.protocol))&&n.host===r.host&&l.activeElement===s&&(d.top.location.href=t.value))}},d.addEventListener(\"message\",d.wp.receiveEmbedMessage,!1),l.addEventListener(\"DOMContentLoaded\",function(){for(var e,t,s=l.querySelectorAll(\"iframe.wp-embedded-content\"),r=0;r<s.length;r++)(t=(e=s[r]).getAttribute(\"data-secret\"))||(t=Math.random().toString(36).substring(2,12),e.src+=\"#?secret=\"+t,e.setAttribute(\"data-secret\",t)),e.contentWindow.postMessage({message:\"ready\",secret:t},\"*\")},!1)))}(window,document);\n\/\/# sourceURL=https:\/\/www.ativ.pt\/wp-includes\/js\/wp-embed.min.js\n\/* ]]> *\/\n<\/script>\n","thumbnail_url":"https:\/\/www.ativ.pt\/wp-content\/uploads\/2022\/07\/facility-management-ativ-1920x1280-1.jpg","thumbnail_width":1920,"thumbnail_height":1280,"description":"In\u00edcio Dans le monde global dans lequel nous vivons, rapide et comp\u00e9titif, les entreprises se concentrent de plus en plus sur une meilleure gestion de leurs b\u00e2timents, afin de promouvoir la qualit\u00e9 de vie et la productivit\u00e9 des employ\u00e9s et optimiser les co\u00fbts d\u2019exploitation. Dans l\u2019objectif de lib\u00e9rer nos clients pour qu\u2019ils se consacrent \u00e0 leur activit\u00e9, nous fournissons des services int\u00e9gr\u00e9s de facilities, garantissant des solutions qui favorisent la meilleure utilisation des espaces int\u00e9rieurs et ext\u00e9rieurs et le bien-\u00eatre des usagers. Large exp\u00e9rience dans la fourniture de services int\u00e9gr\u00e9s de facilities, en particulier dans la gestion de la maintenance. Activit\u00e9 ax\u00e9e sur la garantie d\u2019un environnement s\u00fbr, fonctionnel et op\u00e9rationnel dans l\u2019utilisation des b\u00e2timents et des espaces environnants, en favorisant une bonne performance environnementale. Portefeuille diversifi\u00e9, avec des r\u00e9f\u00e9rences nationales et internationales, comprenant des centres commerciaux, des \u00e9coles, des salles de spectacle, des h\u00f4tels, des banques, des infrastructures de transport et des b\u00e2timents de services, entre autres. Gestion de la Maintenance En savoir plus Facility Services En savoir plus Travaux Sp\u00e9cialis\u00e9s En savoir plus Syst\u00e8mes Intelligents de Transport En savoir plus"}

Início Dans le monde global dans lequel nous vivons, rapide et compétitif, les entreprises se concentrent de plus en plus sur une meilleure gestion de leurs bâtiments, afin de promouvoir la qualité de vie et la productivité des employés et optimiser les coûts d’exploitation. Dans l’objectif de libérer nos clients pour qu’ils se consacrent à leur activité, nous fournissons des services intégrés de facilities, garantissant des solutions qui favorisent la meilleure utilisation des espaces intérieurs et extérieurs et le bien-être des usagers. Large expérience dans la fourniture de services intégrés de facilities, en particulier dans la gestion de la maintenance. Activité axée sur la garantie d’un environnement sûr, fonctionnel et opérationnel dans l’utilisation des bâtiments et des espaces environnants, en favorisant une bonne performance environnementale. Portefeuille diversifié, avec des références nationales et internationales, comprenant des centres commerciaux, des écoles, des salles de spectacle, des hôtels, des banques, des infrastructures de transport et des bâtiments de services, entre autres. Gestion de la Maintenance En savoir plus Facility Services En savoir plus Travaux Spécialisés En savoir plus Systèmes Intelligents de Transport En savoir plus
