{"version":"1.0","provider_name":"Mota-Engil ATIV","provider_url":"https:\/\/www.ativ.pt\/fr\/","author_name":"superedcadmin","author_url":"https:\/\/www.ativ.pt\/fr\/author\/superedcadmin\/","title":"\u00c9nergie et Carbone - Mota-Engil ATIV","type":"rich","width":600,"height":338,"html":"<blockquote class=\"wp-embedded-content\" data-secret=\"V51ZU6SrOY\"><a href=\"https:\/\/www.ativ.pt\/fr\/domaines-dactivite\/energie-et-carbone\/\">\u00c9nergie et Carbone<\/a><\/blockquote><iframe sandbox=\"allow-scripts\" security=\"restricted\" src=\"https:\/\/www.ativ.pt\/fr\/domaines-dactivite\/energie-et-carbone\/embed\/#?secret=V51ZU6SrOY\" width=\"600\" height=\"338\" title=\"\u00ab\u00a0\u00c9nergie et Carbone\u00a0\u00bb &#8212; Mota-Engil ATIV\" data-secret=\"V51ZU6SrOY\" frameborder=\"0\" marginwidth=\"0\" marginheight=\"0\" scrolling=\"no\" class=\"wp-embedded-content\"><\/iframe><script type=\"text\/javascript\">\n\/* <![CDATA[ *\/\n\/*! This file is auto-generated *\/\n!function(d,l){\"use strict\";l.querySelector&&d.addEventListener&&\"undefined\"!=typeof URL&&(d.wp=d.wp||{},d.wp.receiveEmbedMessage||(d.wp.receiveEmbedMessage=function(e){var t=e.data;if((t||t.secret||t.message||t.value)&&!\/[^a-zA-Z0-9]\/.test(t.secret)){for(var s,r,n,a=l.querySelectorAll('iframe[data-secret=\"'+t.secret+'\"]'),o=l.querySelectorAll('blockquote[data-secret=\"'+t.secret+'\"]'),c=new RegExp(\"^https?:$\",\"i\"),i=0;i<o.length;i++)o[i].style.display=\"none\";for(i=0;i<a.length;i++)s=a[i],e.source===s.contentWindow&&(s.removeAttribute(\"style\"),\"height\"===t.message?(1e3<(r=parseInt(t.value,10))?r=1e3:~~r<200&&(r=200),s.height=r):\"link\"===t.message&&(r=new URL(s.getAttribute(\"src\")),n=new URL(t.value),c.test(n.protocol))&&n.host===r.host&&l.activeElement===s&&(d.top.location.href=t.value))}},d.addEventListener(\"message\",d.wp.receiveEmbedMessage,!1),l.addEventListener(\"DOMContentLoaded\",function(){for(var e,t,s=l.querySelectorAll(\"iframe.wp-embedded-content\"),r=0;r<s.length;r++)(t=(e=s[r]).getAttribute(\"data-secret\"))||(t=Math.random().toString(36).substring(2,12),e.src+=\"#?secret=\"+t,e.setAttribute(\"data-secret\",t)),e.contentWindow.postMessage({message:\"ready\",secret:t},\"*\")},!1)))}(window,document);\n\/\/# sourceURL=https:\/\/www.ativ.pt\/wp-includes\/js\/wp-embed.min.js\n\/* ]]> *\/\n<\/script>\n","thumbnail_url":"https:\/\/www.ativ.pt\/wp-content\/uploads\/2022\/09\/energia-carbono-area.jpg","thumbnail_width":1920,"thumbnail_height":1280,"description":"In\u00edcio Dans le contexte actuel, les organisations consid\u00e8rent le d\u00e9veloppement durable comme un engagement prioritaire. Si l\u2019on transpose cet engagement \u00e0 la g\u00e9n\u00e9ration de valeur des actifs physiques et si l\u2019on prend en compte les objectifs de neutralit\u00e9 carbone en 2050, une pression accrue s\u2019exerce sur la gestion efficace du cycle de vie des actifs. Pour r\u00e9pondre \u00e0 ce d\u00e9fi mondial, nous assistons nos clients en leur proposant des solutions d\u2019efficacit\u00e9 \u00e9nerg\u00e9tique et hydrique. Nous disposons \u00e9galement de solutions pour le calcul de l\u2019empreinte carbone, qui refl\u00e8tent l\u2019\u00e9valuation de l\u2019impact des options de gestion du cycle de vie des actifs sur leur profil d\u2019\u00e9missions de carbone et leur contribution \u00e0 une exploitation plus durable. Notre activit\u00e9 repose sur un corps technique d\u2019experts et de sp\u00e9cialistes qui assurent une prestation de services efficace et optimis\u00e9e et garantissent le respect des exigences l\u00e9gales et des bonnes pratiques. Elle se concentre sur l\u2019utilisation de l\u2019\u00e9nergie dans les grands b\u00e2timents, l\u2019industrie et les flottes automobiles, ainsi que sur une meilleure utilisation de l\u2019eau, pour r\u00e9duire les pertes et promouvoir la sant\u00e9 publique. Efficacit\u00e9 \u00c9nerg\u00e9tique En savoir plus Efficacit\u00e9 Hydrique En savoir plus Empreinte Carbone En savoir plus"}

Énergie et Carbone - Mota-Engil ATIV

<blockquote class="wp-embedded-content" data-secret="V51ZU6SrOY"><a href="https://www.ativ.pt/fr/domaines-dactivite/energie-et-carbone/">Énergie et Carbone</a></blockquote><iframe sandbox="allow-scripts" security="restricted" src="https://www.ativ.pt/fr/domaines-dactivite/energie-et-carbone/embed/#?secret=V51ZU6SrOY" width="600" height="338" title="« Énergie et Carbone » &#8212; Mota-Engil ATIV" data-secret="V51ZU6SrOY" frameborder="0" marginwidth="0" marginheight="0" scrolling="no" class="wp-embedded-content"></iframe><script type="text/javascript">
/* <![CDATA[ */
/*! This file is auto-generated */
!function(d,l){"use strict";l.querySelector&&d.addEventListener&&"undefined"!=typeof URL&&(d.wp=d.wp||{},d.wp.receiveEmbedMessage||(d.wp.receiveEmbedMessage=function(e){var t=e.data;if((t||t.secret||t.message||t.value)&&!/[^a-zA-Z0-9]/.test(t.secret)){for(var s,r,n,a=l.querySelectorAll('iframe[data-secret="'+t.secret+'"]'),o=l.querySelectorAll('blockquote[data-secret="'+t.secret+'"]'),c=new RegExp("^https?:$","i"),i=0;i<o.length;i++)o[i].style.display="none";for(i=0;i<a.length;i++)s=a[i],e.source===s.contentWindow&&(s.removeAttribute("style"),"height"===t.message?(1e3<(r=parseInt(t.value,10))?r=1e3:~~r<200&&(r=200),s.height=r):"link"===t.message&&(r=new URL(s.getAttribute("src")),n=new URL(t.value),c.test(n.protocol))&&n.host===r.host&&l.activeElement===s&&(d.top.location.href=t.value))}},d.addEventListener("message",d.wp.receiveEmbedMessage,!1),l.addEventListener("DOMContentLoaded",function(){for(var e,t,s=l.querySelectorAll("iframe.wp-embedded-content"),r=0;r<s.length;r++)(t=(e=s[r]).getAttribute("data-secret"))||(t=Math.random().toString(36).substring(2,12),e.src+="#?secret="+t,e.setAttribute("data-secret",t)),e.contentWindow.postMessage({message:"ready",secret:t},"*")},!1)))}(window,document);
//# sourceURL=https://www.ativ.pt/wp-includes/js/wp-embed.min.js
/* ]]> */
</script>

Início Dans le contexte actuel, les organisations considèrent le développement durable comme un engagement prioritaire. Si l’on transpose cet engagement à la génération de valeur des actifs physiques et si l’on prend en compte les objectifs de neutralité carbone en 2050, une pression accrue s’exerce sur la gestion efficace du cycle de vie des actifs. Pour répondre à ce défi mondial, nous assistons nos clients en leur proposant des solutions d’efficacité énergétique et hydrique. Nous disposons également de solutions pour le calcul de l’empreinte carbone, qui reflètent l’évaluation de l’impact des options de gestion du cycle de vie des actifs sur leur profil d’émissions de carbone et leur contribution à une exploitation plus durable. Notre activité repose sur un corps technique d’experts et de spécialistes qui assurent une prestation de services efficace et optimisée et garantissent le respect des exigences légales et des bonnes pratiques. Elle se concentre sur l’utilisation de l’énergie dans les grands bâtiments, l’industrie et les flottes automobiles, ainsi que sur une meilleure utilisation de l’eau, pour réduire les pertes et promouvoir la santé publique. Efficacité Énergétique En savoir plus Efficacité Hydrique En savoir plus Empreinte Carbone En savoir plus
