{"version":"1.0","provider_name":"Mota-Engil ATIV","provider_url":"https:\/\/www.ativ.pt\/fr\/","author_name":"superedcadmin","author_url":"https:\/\/www.ativ.pt\/fr\/author\/superedcadmin\/","title":"Eau et Syst\u00e8mes Environnementaux - Mota-Engil ATIV","type":"rich","width":600,"height":338,"html":"<blockquote class=\"wp-embedded-content\" data-secret=\"YwSqEEGjRQ\"><a href=\"https:\/\/www.ativ.pt\/fr\/domaines-dactivite\/eau-et-systemes-environnementaux\/\">Eau et Syst\u00e8mes Environnementaux<\/a><\/blockquote><iframe sandbox=\"allow-scripts\" security=\"restricted\" src=\"https:\/\/www.ativ.pt\/fr\/domaines-dactivite\/eau-et-systemes-environnementaux\/embed\/#?secret=YwSqEEGjRQ\" width=\"600\" height=\"338\" title=\"\u00ab\u00a0Eau et Syst\u00e8mes Environnementaux\u00a0\u00bb &#8212; Mota-Engil ATIV\" data-secret=\"YwSqEEGjRQ\" frameborder=\"0\" marginwidth=\"0\" marginheight=\"0\" scrolling=\"no\" class=\"wp-embedded-content\"><\/iframe><script type=\"text\/javascript\">\n\/* <![CDATA[ *\/\n\/*! This file is auto-generated *\/\n!function(d,l){\"use strict\";l.querySelector&&d.addEventListener&&\"undefined\"!=typeof URL&&(d.wp=d.wp||{},d.wp.receiveEmbedMessage||(d.wp.receiveEmbedMessage=function(e){var t=e.data;if((t||t.secret||t.message||t.value)&&!\/[^a-zA-Z0-9]\/.test(t.secret)){for(var s,r,n,a=l.querySelectorAll('iframe[data-secret=\"'+t.secret+'\"]'),o=l.querySelectorAll('blockquote[data-secret=\"'+t.secret+'\"]'),c=new RegExp(\"^https?:$\",\"i\"),i=0;i<o.length;i++)o[i].style.display=\"none\";for(i=0;i<a.length;i++)s=a[i],e.source===s.contentWindow&&(s.removeAttribute(\"style\"),\"height\"===t.message?(1e3<(r=parseInt(t.value,10))?r=1e3:~~r<200&&(r=200),s.height=r):\"link\"===t.message&&(r=new URL(s.getAttribute(\"src\")),n=new URL(t.value),c.test(n.protocol))&&n.host===r.host&&l.activeElement===s&&(d.top.location.href=t.value))}},d.addEventListener(\"message\",d.wp.receiveEmbedMessage,!1),l.addEventListener(\"DOMContentLoaded\",function(){for(var e,t,s=l.querySelectorAll(\"iframe.wp-embedded-content\"),r=0;r<s.length;r++)(t=(e=s[r]).getAttribute(\"data-secret\"))||(t=Math.random().toString(36).substring(2,12),e.src+=\"#?secret=\"+t,e.setAttribute(\"data-secret\",t)),e.contentWindow.postMessage({message:\"ready\",secret:t},\"*\")},!1)))}(window,document);\n\/\/# sourceURL=https:\/\/www.ativ.pt\/wp-includes\/js\/wp-embed.min.js\n\/* ]]> *\/\n<\/script>\n","thumbnail_url":"https:\/\/www.ativ.pt\/wp-content\/uploads\/2022\/06\/agua-sistemas-ambientais-1920x1280-1.jpg","thumbnail_width":1920,"thumbnail_height":1280,"description":"In\u00edcio La protection de la sant\u00e9 publique, des \u00e9cosyst\u00e8mes et la garantie de la durabilit\u00e9 des ressources hydriques sont des engagements \u00e9minemment prioritaires pour la pr\u00e9servation de la plan\u00e8te et des g\u00e9n\u00e9rations futures. Pour r\u00e9pondre \u00e0 ce d\u00e9fi mondial, nous sommes pr\u00e9sents et concevons des solutions lors de toutes les \u00e9tapes critiques de la gestion de cette ressource strat\u00e9gique, notamment dans la planification, la construction, l\u2019exploitation et la maintenance de syst\u00e8mes associ\u00e9s \u00e0 l\u2019eau dans tous ses usages, en favorisant sa circularit\u00e9. Service personnalis\u00e9, adapt\u00e9 et proche de nos clients. Centr\u00e9 sur la syst\u00e9matisation, l\u2019organisation et le contr\u00f4le total des processus, avec une attention particuli\u00e8re port\u00e9e aux co\u00fbts et \u00e0 la garantie de rigueur et de s\u00e9curit\u00e9 dans le fonctionnement des installations. Un personnel technique sp\u00e9cialis\u00e9 et un pari dans les nouvelles technologies nous permettent de fournir des services efficaces et optimis\u00e9s, qui couvrent toutes les r\u00e9gions du pays, en garantissant le respect des exigences l\u00e9gales qui r\u00e9glementent le secteur. Conception et Consulting En savoir plus Exploitation et Maintenance En savoir plus Requalification et R\u00e9habilitation En savoir plus Efficience et Optimisation En savoir plus"}

Eau et Systèmes Environnementaux - Mota-Engil ATIV

<blockquote class="wp-embedded-content" data-secret="YwSqEEGjRQ"><a href="https://www.ativ.pt/fr/domaines-dactivite/eau-et-systemes-environnementaux/">Eau et Systèmes Environnementaux</a></blockquote><iframe sandbox="allow-scripts" security="restricted" src="https://www.ativ.pt/fr/domaines-dactivite/eau-et-systemes-environnementaux/embed/#?secret=YwSqEEGjRQ" width="600" height="338" title="« Eau et Systèmes Environnementaux » &#8212; Mota-Engil ATIV" data-secret="YwSqEEGjRQ" frameborder="0" marginwidth="0" marginheight="0" scrolling="no" class="wp-embedded-content"></iframe><script type="text/javascript">
/* <![CDATA[ */
/*! This file is auto-generated */
!function(d,l){"use strict";l.querySelector&&d.addEventListener&&"undefined"!=typeof URL&&(d.wp=d.wp||{},d.wp.receiveEmbedMessage||(d.wp.receiveEmbedMessage=function(e){var t=e.data;if((t||t.secret||t.message||t.value)&&!/[^a-zA-Z0-9]/.test(t.secret)){for(var s,r,n,a=l.querySelectorAll('iframe[data-secret="'+t.secret+'"]'),o=l.querySelectorAll('blockquote[data-secret="'+t.secret+'"]'),c=new RegExp("^https?:$","i"),i=0;i<o.length;i++)o[i].style.display="none";for(i=0;i<a.length;i++)s=a[i],e.source===s.contentWindow&&(s.removeAttribute("style"),"height"===t.message?(1e3<(r=parseInt(t.value,10))?r=1e3:~~r<200&&(r=200),s.height=r):"link"===t.message&&(r=new URL(s.getAttribute("src")),n=new URL(t.value),c.test(n.protocol))&&n.host===r.host&&l.activeElement===s&&(d.top.location.href=t.value))}},d.addEventListener("message",d.wp.receiveEmbedMessage,!1),l.addEventListener("DOMContentLoaded",function(){for(var e,t,s=l.querySelectorAll("iframe.wp-embedded-content"),r=0;r<s.length;r++)(t=(e=s[r]).getAttribute("data-secret"))||(t=Math.random().toString(36).substring(2,12),e.src+="#?secret="+t,e.setAttribute("data-secret",t)),e.contentWindow.postMessage({message:"ready",secret:t},"*")},!1)))}(window,document);
//# sourceURL=https://www.ativ.pt/wp-includes/js/wp-embed.min.js
/* ]]> */
</script>

Início La protection de la santé publique, des écosystèmes et la garantie de la durabilité des ressources hydriques sont des engagements éminemment prioritaires pour la préservation de la planète et des générations futures. Pour répondre à ce défi mondial, nous sommes présents et concevons des solutions lors de toutes les étapes critiques de la gestion de cette ressource stratégique, notamment dans la planification, la construction, l’exploitation et la maintenance de systèmes associés à l’eau dans tous ses usages, en favorisant sa circularité. Service personnalisé, adapté et proche de nos clients. Centré sur la systématisation, l’organisation et le contrôle total des processus, avec une attention particulière portée aux coûts et à la garantie de rigueur et de sécurité dans le fonctionnement des installations. Un personnel technique spécialisé et un pari dans les nouvelles technologies nous permettent de fournir des services efficaces et optimisés, qui couvrent toutes les régions du pays, en garantissant le respect des exigences légales qui réglementent le secteur. Conception et Consulting En savoir plus Exploitation et Maintenance En savoir plus Requalification et Réhabilitation En savoir plus Efficience et Optimisation En savoir plus
