{"version":"1.0","provider_name":"Mota-Engil ATIV","provider_url":"https:\/\/www.ativ.pt\/fr\/","author_name":"Susana Guerreiro","author_url":"https:\/\/www.ativ.pt\/fr\/author\/susanaguerreiro\/","title":"Ensemencement a\u00e9rien et plantation d\u2019arbres par drone - Mota-Engil ATIV","type":"rich","width":600,"height":338,"html":"<blockquote class=\"wp-embedded-content\" data-secret=\"H8RWsGIRQI\"><a href=\"https:\/\/www.ativ.pt\/fr\/2024\/06\/04\/ensemencement-aerien-et-plantation-darbres-par-drone\/\">Ensemencement a\u00e9rien et plantation d\u2019arbres par drone<\/a><\/blockquote><iframe sandbox=\"allow-scripts\" security=\"restricted\" src=\"https:\/\/www.ativ.pt\/fr\/2024\/06\/04\/ensemencement-aerien-et-plantation-darbres-par-drone\/embed\/#?secret=H8RWsGIRQI\" width=\"600\" height=\"338\" title=\"\u00ab\u00a0Ensemencement a\u00e9rien et plantation d\u2019arbres par drone\u00a0\u00bb &#8212; Mota-Engil ATIV\" data-secret=\"H8RWsGIRQI\" frameborder=\"0\" marginwidth=\"0\" marginheight=\"0\" scrolling=\"no\" class=\"wp-embedded-content\"><\/iframe><script type=\"text\/javascript\">\n\/* <![CDATA[ *\/\n\/*! This file is auto-generated *\/\n!function(d,l){\"use strict\";l.querySelector&&d.addEventListener&&\"undefined\"!=typeof URL&&(d.wp=d.wp||{},d.wp.receiveEmbedMessage||(d.wp.receiveEmbedMessage=function(e){var t=e.data;if((t||t.secret||t.message||t.value)&&!\/[^a-zA-Z0-9]\/.test(t.secret)){for(var s,r,n,a=l.querySelectorAll('iframe[data-secret=\"'+t.secret+'\"]'),o=l.querySelectorAll('blockquote[data-secret=\"'+t.secret+'\"]'),c=new RegExp(\"^https?:$\",\"i\"),i=0;i<o.length;i++)o[i].style.display=\"none\";for(i=0;i<a.length;i++)s=a[i],e.source===s.contentWindow&&(s.removeAttribute(\"style\"),\"height\"===t.message?(1e3<(r=parseInt(t.value,10))?r=1e3:~~r<200&&(r=200),s.height=r):\"link\"===t.message&&(r=new URL(s.getAttribute(\"src\")),n=new URL(t.value),c.test(n.protocol))&&n.host===r.host&&l.activeElement===s&&(d.top.location.href=t.value))}},d.addEventListener(\"message\",d.wp.receiveEmbedMessage,!1),l.addEventListener(\"DOMContentLoaded\",function(){for(var e,t,s=l.querySelectorAll(\"iframe.wp-embedded-content\"),r=0;r<s.length;r++)(t=(e=s[r]).getAttribute(\"data-secret\"))||(t=Math.random().toString(36).substring(2,12),e.src+=\"#?secret=\"+t,e.setAttribute(\"data-secret\",t)),e.contentWindow.postMessage({message:\"ready\",secret:t},\"*\")},!1)))}(window,document);\n\/\/# sourceURL=https:\/\/www.ativ.pt\/wp-includes\/js\/wp-embed.min.js\n\/* ]]> *\/\n<\/script>\n","thumbnail_url":"https:\/\/www.ativ.pt\/wp-content\/uploads\/2024\/05\/20240424_120434-scaled.jpg","thumbnail_width":2560,"thumbnail_height":1920,"description":"En partenariat avec l\u2019entreprise TerraFarmers, des drones ont \u00e9t\u00e9 utilis\u00e9s pour permettre la plantation d\u2019arbres \u00e0 travers des boules de graines, une technologie qui prot\u00e8ge la semence jusqu\u2019\u00e0 son enracinement dans le sol."}

Ensemencement aérien et plantation d’arbres par drone - Mota-Engil ATIV

<blockquote class="wp-embedded-content" data-secret="H8RWsGIRQI"><a href="https://www.ativ.pt/fr/2024/06/04/ensemencement-aerien-et-plantation-darbres-par-drone/">Ensemencement aérien et plantation d’arbres par drone</a></blockquote><iframe sandbox="allow-scripts" security="restricted" src="https://www.ativ.pt/fr/2024/06/04/ensemencement-aerien-et-plantation-darbres-par-drone/embed/#?secret=H8RWsGIRQI" width="600" height="338" title="« Ensemencement aérien et plantation d’arbres par drone » &#8212; Mota-Engil ATIV" data-secret="H8RWsGIRQI" frameborder="0" marginwidth="0" marginheight="0" scrolling="no" class="wp-embedded-content"></iframe><script type="text/javascript">
/* <![CDATA[ */
/*! This file is auto-generated */
!function(d,l){"use strict";l.querySelector&&d.addEventListener&&"undefined"!=typeof URL&&(d.wp=d.wp||{},d.wp.receiveEmbedMessage||(d.wp.receiveEmbedMessage=function(e){var t=e.data;if((t||t.secret||t.message||t.value)&&!/[^a-zA-Z0-9]/.test(t.secret)){for(var s,r,n,a=l.querySelectorAll('iframe[data-secret="'+t.secret+'"]'),o=l.querySelectorAll('blockquote[data-secret="'+t.secret+'"]'),c=new RegExp("^https?:$","i"),i=0;i<o.length;i++)o[i].style.display="none";for(i=0;i<a.length;i++)s=a[i],e.source===s.contentWindow&&(s.removeAttribute("style"),"height"===t.message?(1e3<(r=parseInt(t.value,10))?r=1e3:~~r<200&&(r=200),s.height=r):"link"===t.message&&(r=new URL(s.getAttribute("src")),n=new URL(t.value),c.test(n.protocol))&&n.host===r.host&&l.activeElement===s&&(d.top.location.href=t.value))}},d.addEventListener("message",d.wp.receiveEmbedMessage,!1),l.addEventListener("DOMContentLoaded",function(){for(var e,t,s=l.querySelectorAll("iframe.wp-embedded-content"),r=0;r<s.length;r++)(t=(e=s[r]).getAttribute("data-secret"))||(t=Math.random().toString(36).substring(2,12),e.src+="#?secret="+t,e.setAttribute("data-secret",t)),e.contentWindow.postMessage({message:"ready",secret:t},"*")},!1)))}(window,document);
//# sourceURL=https://www.ativ.pt/wp-includes/js/wp-embed.min.js
/* ]]> */
</script>

En partenariat avec l’entreprise TerraFarmers, des drones ont été utilisés pour permettre la plantation d’arbres à travers des boules de graines, une technologie qui protège la semence jusqu’à son enracinement dans le sol.
